f 408374 and 187?
17
What is the greatest common divisor of 544 and 7005088?
544
What is the highest common factor of 31232 and 5368?
488
Calculate the greatest common factor of 1955060 and 670.
670
Calculate the greatest common divisor of 11007 and 3987.
9
What is the greatest common factor of 224 and 5180?
28
Calculate the greatest common factor of 129942 and 36.
18
Calculate the highest common factor of 12 and 76548.
12
What is the greatest common factor of 209 and 12463?
11
Calculate the greatest common factor of 8 and 4050152.
8
Calculate the greatest common divisor of 1786 and 4294.
38
Calculate the highest common factor of 7 and 105917.
7
Calculate the highest common factor of 26797 and 9073.
211
What is the highest common factor of 14511 and 7?
7
Calculate the highest common factor of 204 and 1007964.
204
Calculate the highest common factor of 2660 and 6692.
28
Calculate the greatest common factor of 1001 and 520.
13
What is the highest common factor of 15 and 1953270?
15
What is the greatest common factor of 71940 and 30?
30
What is the greatest common factor of 6784 and 4028?
212
Calculate the greatest common divisor of 12756 and 16.
4
Calculate the highest common divisor of 990 and 8766.
18
Calculate the highest common divisor of 240 and 38460.
60
Calculate the highest common factor of 43446 and 208.
26
Calculate the greatest common factor of 389046 and 236.
118
What is the highest common divisor of 70 and 85582?
14
What is the highest common divisor of 131689 and 1673?
239
Calculate the highest common divisor of 1883 and 105986.
269
What is the highest common divisor of 13115949 and 77?
77
What is the highest common divisor of 54580 and 5?
5
Calculate the greatest common factor of 402 and 230815.
67
What is the greatest common factor of 176 and 93511?
11
What is the greatest common divisor of 4581 and 189?
9
Calculate the greatest common factor of 44 and 11904.
4
Calculate the greatest common divisor of 9472 and 444.
148
What is the highest common factor of 5244 and 313536?
276
Calculate the highest common factor of 284809 and 3857.
203
What is the greatest common factor of 12285 and 6048?
189
Calculate the highest common factor of 24104 and 7452.
92
What is the highest common divisor of 15700 and 12?
4
What is the highest common factor of 9483 and 35643?
327
What is the greatest common divisor of 9787 and 3?
1
What is the highest common factor of 5564 and 1599?
13
Calculate the highest common divisor of 204 and 11033.
17
Calculate the highest common factor of 187954 and 39.
13
Calculate the greatest common divisor of 286 and 128414.
286
Calculate the highest common factor of 9 and 502191.
9
What is the highest common factor of 360648 and 27?
9
Calculate the highest common factor of 9801 and 15066.
81
What is the greatest common divisor of 216630 and 6264?
522
What is the greatest common divisor of 9 and 51339?
3
What is the greatest common factor of 1474 and 1273?
67
Calculate the highest common factor of 32880 and 120.
120
Calculate the highest common factor of 33727 and 87.
29
What is the highest common divisor of 126 and 499779?
63
What is the greatest common factor of 184095 and 90?
45
Calculate the greatest common factor of 22802 and 26.
26
What is the highest common factor of 747669 and 52?
13
What is the highest common factor of 1890 and 102?
6
What is the greatest common factor of 1537 and 58?
29
Calculate the highest common factor of 321141 and 51921.
1923
Calculate the greatest common divisor of 1739 and 48457.
47
What is the highest common divisor of 60 and 53085?
15
Calculate the highest common factor of 3136 and 25984.
448
Calculate the greatest common factor of 56 and 8512.
56
What is the greatest common factor of 84 and 16932?
12
What is the highest common divisor of 137924 and 1148?
164
What is the greatest common factor of 3268 and 93442?
38
What is the greatest common factor of 40679 and 57?
19
What is the highest common factor of 4617 and 11799?
513
Calculate the greatest common divisor of 1265 and 4025.
115
Calculate the highest common factor of 137701 and 2.
1
What is the highest common factor of 150984 and 7128?
648
What is the highest common factor of 67 and 901619?
67
Calculate the greatest common factor of 3774 and 16524.
102
What is the highest common factor of 66 and 4506?
6
What is the greatest common factor of 22659 and 546?
273
What is the highest common factor of 12 and 89856?
12
Calculate the highest common factor of 152 and 80028.
76
What is the greatest common divisor of 236726 and 21936?
914
What is the highest common divisor of 350 and 42875?
175
Calculate the greatest common divisor of 112 and 80024.
56
What is the greatest common factor of 34 and 45254?
34
What is the greatest common divisor of 9384 and 10488?
552
What is the highest common divisor of 34150 and 56006?
1366
What is the highest common factor of 128722 and 88?
22
What is the greatest common factor of 297 and 190223?
11
Calculate the greatest common divisor of 51811 and 2893.
263
Calculate the greatest common factor of 20 and 513664.
4
What is the greatest common factor of 26504 and 456?
8
Calculate the greatest common divisor of 545 and 3897295.
545
What is the greatest common divisor of 5735 and 9065?
185
What is the highest common factor of 679840 and 504?
56
What is the greatest common divisor of 138750 and 148?
74
Calculate the greatest common divisor of 55 and 14545.
5
What is the greatest common factor of 3036 and 43539?
69
Calculate the greatest common factor of 1248 and 2517216.
1248
What is the highest common divisor of 1772287 and 679?
97
What is the greatest common factor of 5 and 173905?
5
Calculate the highest common divisor of 24 and 1742792.
8
What is the greatest common divisor of 438852 and 12?
12
What is the highest common divisor of 6594 and 308?
14
What is the highest common factor of 48 and 49488?
48
What is the highest common factor of 31640 and 5320?
280
What is the highest common factor of 3 and 55569?
3
Calculate the highest common divisor of 2731498 and 77.
77
What is the greatest common factor of 3447 and 1341?
9
Calculate the highest common divisor of 980310 and 1722.
246
What is the highest common divisor of 10824 and 369?
123
Calculate the highest common divisor of 128 and 40202.
2
What is the highest common divisor of 13667 and 395?
79
What is the greatest common divisor of 165 and 9647?
11
Calculate the highest common factor of 123161 and 1264.
79
What is the greatest common factor of 32318 and 374?
22
What is the highest common factor of 293712 and 58?
58
What is the highest common factor of 4448132 and 904?
452
What is the greatest common factor of 215729 and 31?
31
Calculate the greatest common factor of 290 and 38715.
145
What is the highest common divisor of 56727 and 891?
297
What is the greatest common factor of 44525 and 13015?
685
What is the highest common divisor of 106168 and 1731?
577
Calculate the highest common factor of 480 and 1192640.
160
Calculate the highest common divisor of 382470 and 660.
330
Calculate the highest common divisor of 563416 and 56.
56
What is the highest common divisor of 30744 and 153293?
427
What is the highest common factor of 423 and 1953?
9
Calculate the greatest common factor of 73566 and 432.
18
Calculate the highest common divisor of 2794 and 1452.
22
Calculate the highest common divisor of 49104 and 261206.
682
Calculate the greatest common factor of 609 and 212135.
203
Calculate the greatest common divisor of 10352 and 48.
16
What is the greatest common factor of 319 and 38841?
11
What is the highest common divisor of 18193 and 2254?
161
What is the greatest common divisor of 18460 and 31720?
260
What is the greatest common divisor of 159 and 491681?
53
What is the highest common factor of 143073 and 147?
21
What is the highest common factor of 3270 and 840?
30
What is the greatest common divisor of 16929 and 66462?
627
Calculate the highest common factor of 71285 and 90115.
1345
Calculate the highest common divisor of 88 and 236456.
88
Calculate the highest common divisor of 11127 and 54.
3
Calculate the greatest common factor of 11 and 3787993.
11
Calculate the highest common factor of 22652 and 28.
28
Calculate the greatest common divisor of 4